ivided by 24?
22
Calculate the remainder when 17574 is divided by 2348.
1138
What is the remainder when 1038408 is divided by 38459?
15
What is the remainder when 1832522 is divided by 72?
50
What is the remainder when 4428149 is divided by 5155?
4
Calculate the remainder when 138545 is divided by 69243.
59
What is the remainder when 162403442 is divided by 298?
296
What is the remainder when 405664 is divided by 1610?
1554
What is the remainder when 1496914 is divided by 425?
64
Calculate the remainder when 94145481 is divided by 291.
288
Calculate the remainder when 85667787 is divided by 390.
387
What is the remainder when 980110 is divided by 26489?
17
Calculate the remainder when 40186377 is divided by 7375.
2
What is the remainder when 7238 is divided by 7212?
26
What is the remainder when 6621924 is divided by 827739?
12
What is the remainder when 1208533 is divided by 217?
60
Calculate the remainder when 7906949 is divided by 27.
26
What is the remainder when 51014930 is divided by 333?
329
What is the remainder when 127867 is divided by 2998?
1951
Calculate the remainder when 2934796 is divided by 366847.
20
What is the remainder when 135180 is divided by 33430?
1460
What is the remainder when 38733 is divided by 868?
541
Calculate the remainder when 575542 is divided by 143718.
670
What is the remainder when 1169103 is divided by 1563?
1542
What is the remainder when 68836 is divided by 298?
296
What is the remainder when 72186779 is divided by 605?
599
Calculate the remainder when 133301327 is divided by 133301324.
3
What is the remainder when 4119294 is divided by 162?
120
What is the remainder when 1627242 is divided by 901?
36
Calculate the remainder when 52603 is divided by 10175.
1728
What is the remainder when 70645536 is divided by 1811424?
0
Calculate the remainder when 15776 is divided by 3750.
776
What is the remainder when 651816 is divided by 24141?
9
Calculate the remainder when 39472 is divided by 39366.
106
What is the remainder when 3911046 is divided by 17?
9
Calculate the remainder when 818941 is divided by 33.
13
Calculate the remainder when 26919014 is divided by 203.
199
Calculate the remainder when 6726 is divided by 2631.
1464
Calculate the remainder when 66276042 is divided by 1406.
14
What is the remainder when 21842166 is divided by 1092108?
6
What is the remainder when 3251651 is divided by 432?
419
What is the remainder when 18220989 is divided by 1221?
6
What is the remainder when 2590252 is divided by 89?
85
Calculate the remainder when 55814638 is divided by 6976829.
6
What is the remainder when 627676 is divided by 627612?
64
What is the remainder when 25463241 is divided by 51?
12
Calculate the remainder when 463372 is divided by 1065.
97
Calculate the remainder when 1233224368 is divided by 5095.
5093
What is the remainder when 2703470 is divided by 30376?
6
Calculate the remainder when 3446725 is divided by 2422.
219
What is the remainder when 36490 is divided by 204?
178
What is the remainder when 545855 is divided by 181881?
212
What is the remainder when 1032881 is divided by 4357?
272
What is the remainder when 15204022 is divided by 72?
70
Calculate the remainder when 14840832 is divided by 27534.
6
Calculate the remainder when 2677535 is divided by 1785.
35
What is the remainder when 889925 is divided by 177?
146
What is the remainder when 209202334 is divided by 144?
142
What is the remainder when 38194369 is divided by 141?
7
Calculate the remainder when 512516 is divided by 11.
4
Calculate the remainder when 25602573 is divided by 419.
416
What is the remainder when 80939445 is divided by 997?
991
Calculate the remainder when 2859127 is divided by 155.
152
What is the remainder when 11075 is divided by 203?
113
What is the remainder when 108556 is divided by 15?
1
Calculate the remainder when 26009 is divided by 8194.
1427
Calculate the remainder when 99409980 is divided by 2686756.
8
What is the remainder when 3131988 is divided by 12?
0
What is the remainder when 24319 is divided by 384?
127
What is the remainder when 977063 is divided by 195408?
23
Calculate the remainder when 43924328 is divided by 33.
8
What is the remainder when 1429824 is divided by 4062?
0
What is the remainder when 1607860 is divided by 21?
16
Calculate the remainder when 55031 is divided by 6475.
3231
Calculate the remainder when 336193 is divided by 83718.
1321
What is the remainder when 567849 is divided by 1868?
1845
What is the remainder when 2615318 is divided by 326914?
6
Calculate the remainder when 719120 is divided by 354678.
9764
What is the remainder when 54501 is divided by 617?
205
What is the remainder when 1418399 is divided by 283668?
59
What is the remainder when 407464 is divided by 135382?
1318
Calculate the remainder when 1102303 is divided by 22951.
655
Calculate the remainder when 3597272 is divided by 218.
54
Calculate the remainder when 865390 is divided by 57651.
625
Calculate the remainder when 1076727 is divided by 42.
15
What is the remainder when 10616567 is divided by 387?
383
Calculate the remainder when 18560 is divided by 1028.
56
Calculate the remainder when 26021 is divided by 1892.
1425
Calculate the remainder when 1270717 is divided by 366.
331
Calculate the remainder when 262623967 is divided by 70.
67
Calculate the remainder when 540129 is divided by 114.
111
What is the remainder when 7555442 is divided by 34?
30
What is the remainder when 1180367 is divided by 103?
90
Calculate the remainder when 1572888 is divided by 20789.
13713
What is the remainder when 11523 is divided by 249?
69
What is the remainder when 23007927 is divided by 51?
42
What is the remainder when 23730 is divided by 383?
367
What is the remainder when 148757 is divided by 1054?
143
What is the remainder when 2207097 is divided by 184?
17
Calculate the remainder when 323205 is divided by 555.
195
Calculate the remainder when 191256 is divided by 12720.
456
Calculate the remainder when 16666 is divided by 5547.
25
Calculate the remainder when 24104405 is divided by 10600.
5
What is the remainder when 2410332 is divided by 126859?
11
Calculate the remainder when 340553 is divided by 2743.
421
What is the remainder when 1009587 is divided by 252394?
11
Calculate the remainder when 139425 is divided by 173.
160
What is the remainder when 14837289 is divided by 252?
33
Calculate the remainder when 52352 is divided by 17316.
404
What is the remainder when 56299856 is divided by 207?
203
What is the remainder when 2243037 is divided by 462?
27
What is the remainder when 5486574 is divided by 3008?
2990
What is the remainder when 237115888 is divided by 18?
16
What is the remainder when 1399525 is divided by 194?
9
Calculate the remainder when 122981 is divided by 60965.
1051
Calculate the remainder when 21365963 is divided by 109010.
3
What is the remainder when 108558 is divided by 37?
0
What is the remainder when 140138335 is divided by 17517291?
7
What is the remainder when 12498948 is divided by 1801?
8
What is the remainder when 487023 is divided by 29?
26
What is the remainder when 1482201 is divided by 92637?
9
Calculate the remainder when 526497 is divided by 37606.
13
Calculate the remainder when 345251 is divided by 1887.
1817
Calculate the remainder when 779870 is divided by 18135.
65
Calculate the remainder when 410900 is divided by 13652.
1340
Calculate the remainder when 488771 is divided by 438.
401
Calculate the remainder when 210817 is divided by 105316.
185
What is the remainder when 33319 is divided by 6531?
664
Calculate the remainder when 192965 is divided by 63.
59
Calculate the remainder when 12352673 is divided by 847.
25
What is the remainder when 255744 is divided by 862?
592
What is the remainder when 2077015 is divided by 37?
20
Calculate the remainder when 2441147 is divided by 1045.
27
What is the remainder when 93671464 is divided by 24?
16
What is the remainder when 264519 is divided by 1632?
135
What is the remainder when 107710 is divided by 26921?
26
Calculate the remainder when 573341 is divided by 14300.
1341
What is the remainder when 303772639 is divided by 2636?
2635
Calculate the remainder when 1066776 is divided by 755.
716
What is the remainder when 261182 is div